11
Let i be (-10)/25*(-208 + -2). What is the remainder when (i/8)/3*6 is divided by 6?
3
Let o = 5 - -1. Let q(b) = -b**3 + 5*b**2 + 9*b - 8. Let c be q(o). Let a = c + 5. Calculate the remainder when a is divided by 6.
3
Let x = -1 - -5. Let g(o) = 3*o + 5. Let f be g(x). Suppose -6*m = -a - 11*m + f, -56 = -5*a + 4*m. Calculate the remainder when 22 is divided by a.
10
Suppose -2 - 5 = -d. Suppose -3*t + 2*m = -4, -t - 2*t + 8 = 2*m. Calculate the remainder when d is divided by t.
1
Suppose 0 = -3*a + 3, 15 = 4*u - 0*u - a. Suppose 0 = -2*z + u*z - 106. Let q = 108 - z. What is the remainder when q is divided by 14?
13
Let l(b) be the second derivative of b**5/20 - 7*b**4/12 - 7*b**3/6 + b**2/2 - b. Let y be l(8). What is the remainder when 22 is divided by 35/3 - (-3)/y?
10
Let k = -14 - -21. Calculate the remainder when 26 is divided by k.
5
Let k = 52 + -47. Let q = -1 + 1. Suppose -4*z - z + 45 = q. Calculate the remainder when z is divided by k.
4
Let a = 35 + -25. Suppose 16 = v - a. Calculate the remainder when 51 is divided by v.
25
Let t(q) = q**2 - 5*q + 14. What is the remainder when t(7) is divided by 16?
12
Let l(w) = w**2 - 6*w - 11. What is the remainder when 17 is divided by l(8)?
2
Suppose -13*g = -14*g + 12. Calculate the remainder when 27 is divided by g.
3
Let y(z) = z**2 + 2*z - 5. What is the remainder when y(4) is divided by (4/8 - 0)*22?
8
Suppose 2*m = -5*g + 119, -6*g = -g - 3*m - 109. What is the remainder when 89 is divided by g?
20
Let f(a) = a**3 - 13*a**2 - 13*a + 3. Let y be (-14)/63 - 128/(-9). Calculate the remainder when 65 is divided by f(y).
14
Suppose -2*w + 2*v + 0*v + 62 = 0, -5*w + 152 = -4*v. Suppose 3*o = 0, 4*o = 3*h - 0*h - 30. Calculate the remainder when w is divided by h.
8
Suppose 11*v = 3*v + 344. Suppose 0 = 3*p - 7*p + w + 88, 0 = p + w - 22. What is the remainder when v is divided by p?
21
Suppose -3*v + 6 + 120 = y, 0 = -5*v + y + 210. What is the remainder when v is divided by 11?
9
Let w = 3 + 1. Let m(p) = -p**3 - 2*p - 3 - 5*p + 6*p**2 + 3*p. Calculate the remainder when 24 is divided by m(w).
11
Suppose -2*z + 88 = -46. Calculate the remainder when z is divided by 14.
11
Let o be 1/(((-3)/(-40))/3). Let x(z) = -z**3 + 8*z**2 + 8*z - 3. Let a be x(9). Let s = o + a. Calculate the remainder when s is divided by 15.
13
Let w(p) = p**3 + 6*p**2 - 5*p - 7. Calculate the remainder when w(-6) is divided by (6/2)/3 - -7.
7
Let c(v) = 2 - v**3 + v + 9 - 1. Let s(i) = i**3 + 3*i**2 - 2*i + 2. Calculate the remainder when s(2) is divided by c(0).
8
Let l = -1 + 7. Let f be 3/((-1)/9*-3). Suppose f + 23 = 2*d. What is the remainder when d is divided by l?
4
Let f(c) = c**2 + 5*c - 6. Let y be f(-6). Let a = y + 6. Calculate the remainder when a is divided by 2.
0
Let f = 0 - -60. Suppose 5*k = 4*m + 98, -4*m + 2*m - f = -3*k. Let r(i) = -i**2 - 11*i + 20. Calculate the remainder when k is divided by r(-12).
6
Let r(c) = 12*c**2 - 4*c - 3. Let d(q) = -q**2 - 11*q + 7. What is the remainder when d(-5) is divided by r(-1)?
11
What is the remainder when 68 is divided by 14 - (2/(1 + 0) - 2)?
12
Let f be 5 + -6 + (8 - 1). Let s(n) = 7*n + 1. Let m(q) = -9*q - 3. Calculate the remainder when s(f) is divided by m(-2).
13
Suppose 0 = -2*f - z + 80, 2*f + 8 - 76 = 5*z. What is the remainder when f is divided by 20?
19
Suppose 0 = -5*n - 3*h + 160 + 5, -80 = -3*n + 2*h. What is the remainder when n is divided by 16?
14
Calculate the remainder when 28 is divided by 66/(-9)*(36/(-8) - -3).
6
Let u = 157 + -156. Let f = 0 + 0. Let w = f + 1. What is the remainder when w is divided by u?
0
Suppose 36 = 6*b - 0. What is the remainder when 15 is divided by b?
3
Suppose 3*i - 3 = 3*c, 4*i = -2*c + 7*c + 6. Let z be (-2)/4 - 1/c. Suppose z = 3*s - 87 - 0. What is the remainder when s is divided by 10?
9
Let l = -44 + 132. Calculate the remainder when l is divided by 9.
7
Let z(b) = 4*b - 17. What is the remainder when 41 is divided by z(7)?
8
Suppose 5*c - 232 = 2*g, 2*c - 7*g - 97 = -2*g. What is the remainder when 179 is divided by c?
41
Let y(r) = 41*r**3 + 2*r**2 - 2*r + 1. Let d be y(1). Suppose i = 5*b - d, 3*b - 5*i + 6 = 40. What is the remainder when (-4)/(-8)*2*23 is divided by b?
7
Let o be (-14)/8 - (-1)/(-4). Let s be -1 + -10*o/1. Let z = s + -10. Calculate the remainder when z is divided by 5.
4
Let j(n) = 15*n**3 + n**2 + n - 1. Let y = 59 + -28. Calculate the remainder when y is divided by j(1).
15
Suppose 8 = -4*s + 20. Suppose -y - 4*c = 4*y - 12, 0 = 5*y - s*c - 26. Calculate the remainder when 9 is divided by y.
1
Suppose 0 = 4*t + 8, -3*x - 2*t + 2 = -0*t. Suppose x*r + 0*r = 20. What is the remainder when r is divided by 3?
1
Let f(h) = -7*h + 1. Let y(m) = -8*m + 1. Let v(n) = 5*f(n) - 4*y(n). Calculate the remainder when 29 is divided by v(-3).
9
Calculate the remainder when 50 is divided by 13/((-455)/(-952)) - 1/5.
23
Let c(z) = 17*z**3 - z**2 + 1. Let y be 38/(7 - 3 - 2). Suppose y = 4*h - 5. Calculate the remainder when c(1) is divided by h.
5
Let t(c) = -c**3 + 22*c**2 - 20*c - 8. Suppose -4*q = -0*q - 92. Calculate the remainder when q is divided by t(21).
10
Let u be (583/(-1))/(3/(-3)). Suppose 4*o - 432 = o + 2*y, 0 = 4*o - 5*y - u. Suppose -o = -4*j - 50. Calculate the remainder when 67 is divided by j.
21
Let b(l) = l + 26. What is the remainder when 17 is divided by b(-17)?
8
Suppose n + 1 - 16 = 0. Let p = n - 21. What is the remainder when (-3)/(p/(-2)) - -38 is divided by 19?
18
Let t = 62 - 7. Calculate the remainder when 109 is divided by t.
54
Let w = -33 + 47. Suppose 0 = 3*m + w - 5. Calculate the remainder when m/4*(-40)/2 is divided by 8.
7
Suppose -1 = v - 8. Suppose o + 6 = l, -5*l + 3*l = 3*o - v. Calculate the remainder when 12 is divided by l.
2
Let j(s) = -6*s - 45. Calculate the remainder when 81 is divided by j(-11).
18
Suppose -2*d = 2 - 16. Suppose -2*u + d + 9 = 0. Let r(k) = 4*k - 5. Calculate the remainder when r(5) is divided by u.
7
Suppose -3*q - 2*q + 10 = 0. Let t be (4/(q + -4))/(-1). Calculate the remainder when 11 is divided by 7/t - 2/(-4).
3
Let p = -30 + 68. Let c(y) be the first derivative of -y**3/3 - 9*y**2 - 19*y - 7. What is the remainder when p is divided by c(-16)?
12
Suppose -3*t + 20 = 8. Let p = 8 - t. Suppose 5*z = v - 6, -6*z = -v - 2*z + 6. What is the remainder when v is divided by p?
2
Let o be (2 + -4)*(-4 + 0). Suppose 11*z - 7*z = o. Suppose -35 + 5 = -z*b. What is the remainder when b is divided by 9?
6
Let s = -5 + 10. Let x(r) = -r**3 + 4*r**2 + 3*r - 6. Let p be x(4). Calculate the remainder when s is divided by (3/p)/(2/16).
1
Suppose 0 = -j - 3*l + 13, 2*j - 23 = -l + 8. What is the remainder when 46 is divided by j?
14
Let a(z) = -z. Let f be a(-2). Suppose 0 = v - 3*s - 14 + 3, -5*v + f*s = -81. Calculate the remainder when 33 is divided by v.
16
Suppose 10 = 5*q + 4*u, 2*q = -0*q + 3*u - 19. What is the remainder when 64 is divided by -13*2/4*q?
12
Let u(r) = -r - r + 3*r + 1. Let x(z) = -3*z**3. What is the remainder when u(6) is divided by x(-1)?
1
Suppose 3*w = 2*a + 2 + 6, 4*w - a = 19. Suppose 0 = -5*x - 2*n + 111, x + 2*n + 9 = 28. Calculate the remainder when x is divided by w.
5
Let l = 46 + -13. Let z = 45 + -33. What is the remainder when l is divided by z?
9
Suppose -2*n + 0*n + 26 = 2*q, 5*n - 29 = 4*q. What is the remainder when -4 + 1 + (-1 - -19) is divided by n?
6
Let d(s) = 2*s**2 + 10*s - 2. Calculate the remainder when d(-9) is divided by 18.
16
Let l(b) = -b**3 - 4*b**2 - 7. What is the remainder when l(-6) is divided by 22?
21
Let z = 19 + -9. Calculate the remainder when (-1 - -10)/(-3) - -21 is divided by z.
8
Suppose 312 = 52*o - 49*o. Calculate the remainder when o is divided by 36.
32
Suppose -52 = 7*m - 11*m. Suppose u + 0*u = 0. Suppose -5*y + 3*a + 178 = 0, 5*y + 2*a - 194 - 4 = u. What is the remainder when y is divided by m?
12
Suppose 4*f - f + 3*r = 3, -4*f + 3*r + 25 = 0. Calculate the remainder when 11 is divided by f.
3
Suppose 25 + 50 = 5*q. Calculate the remainder when q is divided by 9.
6
Suppose 0 = -a - 5*d - 17, -4 = -a + 4*d + 15. What is the remainder when 53 is divided by ((-2)/a)/((-1)/27)?
17
Let g(p) = 10*p**2 - 2*p. What is the remainder when 22 is divided by g(1